ided by 762?
758
Calculate the remainder when 11653 is divided by 74.
35
What is the remainder when 221055 is divided by 37?
17
What is the remainder when 30574 is divided by 24?
22
What is the remainder when 284447 is divided by 85?
37
Calculate the remainder when 14656 is divided by 227.
128
Calculate the remainder when 5279 is divided by 1049.
34
What is the remainder when 5213 is divided by 17?
11
What is the remainder when 13137 is divided by 2568?
297
What is the remainder when 1914 is divided by 943?
28
Calculate the remainder when 668 is divided by 40.
28
What is the remainder when 17961 is divided by 1638?
1581
What is the remainder when 14012 is divided by 1551?
53
Calculate the remainder when 870 is divided by 65.
25
What is the remainder when 174189 is divided by 114?
111
What is the remainder when 8342 is divided by 9?
8
Calculate the remainder when 5216 is divided by 33.
2
Calculate the remainder when 106656 is divided by 21322.
46
What is the remainder when 5502 is divided by 23?
5
What is the remainder when 20974 is divided by 2069?
284
Calculate the remainder when 1786 is divided by 576.
58
What is the remainder when 118885 is divided by 88?
85
Calculate the remainder when 110 is divided by 72.
38
Calculate the remainder when 504859 is divided by 28.
19
Calculate the remainder when 10734 is divided by 2682.
6
Calculate the remainder when 3314963 is divided by 193.
188
Calculate the remainder when 3747 is divided by 205.
57
Calculate the remainder when 14889 is divided by 8.
1
Calculate the remainder when 1658 is divided by 32.
26
What is the remainder when 524215 is divided by 308?
307
What is the remainder when 911918 is divided by 20?
18
What is the remainder when 12460 is divided by 105?
70
Calculate the remainder when 572350 is divided by 32.
30
Calculate the remainder when 202624 is divided by 6536.
8
What is the remainder when 10946 is divided by 421?
0
What is the remainder when 45095 is divided by 4?
3
What is the remainder when 327 is divided by 296?
31
Calculate the remainder when 444482 is divided by 63491.
45
Calculate the remainder when 148606 is divided by 36.
34
What is the remainder when 51221 is divided by 68?
17
What is the remainder when 4393 is divided by 176?
169
What is the remainder when 2003 is divided by 382?
93
What is the remainder when 1566 is divided by 273?
201
What is the remainder when 66341 is divided by 6?
5
Calculate the remainder when 3103 is divided by 190.
63
What is the remainder when 2061 is divided by 247?
85
Calculate the remainder when 245224 is divided by 42.
28
Calculate the remainder when 60408 is divided by 215.
208
Calculate the remainder when 4326 is divided by 618.
0
Calculate the remainder when 53043 is divided by 63.
60
What is the remainder when 178326 is divided by 147?
15
Calculate the remainder when 13590 is divided by 17.
7
Calculate the remainder when 1812 is divided by 1806.
6
What is the remainder when 2493 is divided by 56?
29
Calculate the remainder when 194228 is divided by 605.
23
What is the remainder when 4276 is divided by 88?
52
Calculate the remainder when 950097 is divided by 95.
2
What is the remainder when 43035 is divided by 53?
52
Calculate the remainder when 88508 is divided by 8.
4
What is the remainder when 371632 is divided by 233?
230
What is the remainder when 380 is divided by 319?
61
Calculate the remainder when 1625863 is divided by 662.
653
Calculate the remainder when 60802 is divided by 510.
112
Calculate the remainder when 3723099 is divided by 414.
411
What is the remainder when 7807339 is divided by 41?
37
What is the remainder when 58540 is divided by 146?
140
What is the remainder when 139644 is divided by 210?
204
What is the remainder when 307 is divided by 59?
12
What is the remainder when 10526 is divided by 18?
14
Calculate the remainder when 154 is divided by 84.
70
Calculate the remainder when 988946 is divided by 285.
281
What is the remainder when 14040 is divided by 58?
4
What is the remainder when 12423 is divided by 82?
41
Calculate the remainder when 153509 is divided by 50.
9
Calculate the remainder when 8980 is divided by 2902.
274
What is the remainder when 243561 is divided by 236?
9
Calculate the remainder when 7217 is divided by 3445.
327
What is the remainder when 21241 is divided by 219?
217
What is the remainder when 188327 is divided by 28?
27
What is the remainder when 52886 is divided by 2621?
466
Calculate the remainder when 2005 is divided by 974.
57
Calculate the remainder when 447423 is divided by 603.
600
What is the remainder when 111326 is divided by 968?
6
Calculate the remainder when 1317228 is divided by 61.
55
What is the remainder when 42672 is divided by 191?
79
Calculate the remainder when 2798334 is divided by 256.
254
What is the remainder when 2134 is divided by 58?
46
Calculate the remainder when 88957 is divided by 302.
169
Calculate the remainder when 93540 is divided by 183.
27
What is the remainder when 9637 is divided by 301?
5
Calculate the remainder when 88536 is divided by 6323.
14
What is the remainder when 162590 is divided by 15?
5
What is the remainder when 443 is divided by 345?
98
What is the remainder when 1574941 is divided by 465?
451
Calculate the remainder when 247099 is divided by 255.
4
What is the remainder when 3207 is divided by 770?
127
Calculate the remainder when 665705 is divided by 8.
1
Calculate the remainder when 3674 is divided by 699.
179
Calculate the remainder when 2018 is divided by 2010.
8
What is the remainder when 2102166 is divided by 877?
874
What is the remainder when 55508 is divided by 11098?
18
Calculate the remainder when 8391 is divided by 2458.
1017
What is the remainder when 3355 is divided by 26?
1
Calculate the remainder when 2349 is divided by 952.
445
What is the remainder when 15791 is divided by 298?
295
Calculate the remainder when 7523 is divided by 145.
128
Calculate the remainder when 6943 is divided by 538.
487
What is the remainder when 5078 is divided by 1411?
845
Calculate the remainder when 27702 is divided by 43.
10
Calculate the remainder when 115927 is divided by 115911.
16
What is the remainder when 2288 is divided by 991?
306
Calculate the remainder when 90133 is divided by 374.
373
What is the remainder when 93117 is divided by 101?
96
What is the remainder when 65096 is divided by 269?
267
Calculate the remainder when 9127 is divided by 1110.
247
What is the remainder when 6238 is divided by 222?
22
Calculate the remainder when 12081 is divided by 365.
36
Calculate the remainder when 110953 is divided by 13868.
9
What is the remainder when 2773608 is divided by 9?
6
Calculate the remainder when 192592 is divided by 415.
32
Calculate the remainder when 136 is divided by 7.
3
What is the remainder when 43428 is divided by 122?
118
What is the remainder when 86068 is divided by 6619?
21
Calculate the remainder when 345958 is divided by 248.
246
What is the remainder when 2976 is divided by 160?
96
What is the remainder when 5481 is divided by 5451?
30
Calculate the remainder when 2948356 is divided by 47.
46
What is the remainder when 819 is divided by 14?
7
What is the remainder when 133549 is divided by 1077?
1
What is the remainder when 309398 is divided by 40?
38
Calculate the remainder when 63449 is divided by 7022.
251
What is the remainder when 10912 is divided by 1252?
896
Calculate the remainder when 5823 is divided by 718.
79
What is the remainder when 2098772 is divided by 1049382?
8
Calculate the remainder when 75165 is divided by 1639.
1410
What is the remainder when 514035 is divided by 171340?
15
What is the remainder when 154940 is divided by 3779?
1
Calculate the remainder when 94136 is divided by 826.
798
What is the remainder when 406 is divided by 132?
10
What is the remainder when 3825 is divided by 36?
9
Calculate the remainder when 175875 is divided by 29.
19
Calculate the remainder when 1793 is divided by 15.
8
What is the remainder when 3035214 is divided by 1646?
1636
What is the remainder when 593458 is divided by 105?
103
Calculate the remainder when 266538 is divided by 3978.
12
Calculate the remainder when 312 is divided by 74.
16
Calculate the remainder when 183248 is divided by 12.
8
What is 